{"id":1649,"date":"2021-06-05T12:57:48","date_gmt":"2021-06-05T10:57:48","guid":{"rendered":"http:\/\/novipazar.hola.rs\/?page_id=1649"},"modified":"2022-08-04T14:11:41","modified_gmt":"2022-08-04T12:11:41","slug":"park-bukovicke-banje","status":"publish","type":"page","link":"https:\/\/novipazar.hola.rs\/?page_id=1649","title":{"rendered":"Istorijski arhiv ,,Ras&#8220;"},"content":{"rendered":"<p>[vc_row css_animation=&#8220;&#8220; row_type=&#8220;row&#8220; use_row_as_full_screen_section=&#8220;no&#8220; type=&#8220;full_width&#8220; angled_section=&#8220;no&#8220; text_align=&#8220;left&#8220; background_image_as_pattern=&#8220;without_pattern&#8220; css=&#8220;.vc_custom_1621264559093{margin-top: 80px !important;margin-bottom: 80px !important;}&#8220; z_index=&#8220;&#8220;][vc_column width=&#8220;1\/6&#8243;][\/vc_column][vc_column css_animation=&#8220;none&#8220; width=&#8220;2\/3&#8243;][vc_column_text]<\/p>\n<div class=\"mkdf-info-section-part mkdf-tour-item-content\">\n<div class=\"vc_row wpb_row vc_row-fluid\">\n<div class=\"wpb_column vc_column_container vc_col-sm-12\">\n<div class=\"vc_column-inner\">\n<div class=\"wpb_wrapper\">\n<div class=\"wpb_text_column wpb_content_element\">\n<div class=\"wpb_wrapper\">\n<p>Istorijski arhiv Ras u Novom Pazaru je institucija kulture koja se bavi poslovima za\u0161tite arhivske grade i registraturskog materijala na teritoriji op\u0161tina Novi Pazar, Sjenica i Tutin. Ovo podru\u010dje se nalazi u jugozapadnom delu Srbije okru\u017eeno visokim planinama Golijom, Rogoznom, Mokrom gorom, Gliljevom, Ozrenom, Javorom i Pe\u0161terskom visoravni. Brojne reke, pe\u0107ine, kao i termalni izvori, toliko su privla\u010dni da ih vredi videti i do\u017eiveti. Novi Pazar, lociran u zvezdastoj dolini reka: Jo\u0161anice, Trnavske, Ra\u0161ke, De\u017eevske i Ljudske, sa sto naseljenih mesta i sa oko 120.000 stanovnika, oduvek je bio ekonomski i kulturni centar ovog podru\u010dja.<\/p>\n<p>&nbsp;<\/p>\n<p>Nakon osnivanja Arhivskog odeljenja izdvojena su sredstva za adaptaciju zgrade koja se nalazila u Ulici Gojka Ba\u010danina u Novom Pazaru, svojina Ilije Jeumovi\u0107a, koju je vlasnik zave\u0161tao Skup\u0161tini op\u0161tine Novi Pazar, a Skup\u0161tina op\u0161tine, nakon preure\u0111enja, zgradu je ustupila Arhivskom odeljenju na kori\u0161\u0107enje. Od 1980. godine Arhiv radi u zgradi pravosudnih organa, gde se i danas nalazi.<\/p>\n<p>&nbsp;<\/p>\n<p>Najzna\u010dajniju izmenu su banja i park pretrpeli tridesetih godina 20. veka, kada je banja bila pod upravom \u0160tedionice dunavske banovine. Tokom 1933\/34. godine preure\u0111eni su Staro zdanje, Novo zdanje i park, koji je iz osnova bio rekonstruisan. Pronalazak termalnog izvora 1935. godine uslovio je gradnju modernog toplog kupatila, otvorenog bazena sa mineralnom vodom, hotela \u0160umadija i rekapta\u017eu izvora \u0110ulara i Talpara.<\/p>\n<p>&nbsp;<\/p>\n<p>Istorijski arhiv &#8222;Ras&#8220; u Novom Pazaru od svog osnivanja do danas bavi se organizovanim radom na evidentiranju arhivske gra\u0111e, nastale radom zna\u010dajnih stvaralaca, i njenim prikupljanjem na jednom mestu radi sre\u0111ivanja, za\u0161tite i kori\u0161\u0107enja za nau\u010dna istra\u017eivanja, ostvarivanja prava pravnih i fizi\u010dkih lica. Ostvareni su zna\u010dajni rezultati na za\u0161titi arhivske gra\u0111e kao kulturnog dobra.<\/p>\n<\/div>\n<\/div>\n<\/div>\n<\/div>\n<\/div>\n<\/div>\n<\/div>\n<p>[\/vc_column_text][\/vc_column][vc_column width=&#8220;1\/6&#8243;][\/vc_column][\/vc_row][vc_row css_animation=&#8220;&#8220; row_type=&#8220;row&#8220; use_row_as_full_screen_section=&#8220;no&#8220; type=&#8220;full_width&#8220; angled_section=&#8220;no&#8220; text_align=&#8220;left&#8220; background_image_as_pattern=&#8220;without_pattern&#8220; css=&#8220;.vc_custom_1621265124996{margin-top: 50px !important;background-color: #1d7fc1 !important;}&#8220; z_index=&#8220;&#8220;][vc_column width=&#8220;1\/6&#8243;][\/vc_column][vc_column css_animation=&#8220;fadeInUp&#8220; width=&#8220;2\/3&#8243;][vc_empty_space height=&#8220;50px&#8220;][vc_column_text]<\/p>\n<h1 style=\"text-align: center;\">Glavnim novopazarskim sokakom, sada Ulicom 28. novembra, tekao je potok. Voda je bila bistra i tu su se muslimanski vernici ritualno umivali (uzimali abdest) pred odlazak u d\u017eamije na molitve.<\/h1>\n<p>[\/vc_column_text][vc_empty_space height=&#8220;50px&#8220;][vc_column_text]<\/p>\n<h2 style=\"text-align: center;\"><span style=\"color: #ffffff;\">O tome svedo\u010di i jedna od najstarijih fotografija Novog Pazara, koju posetioci mogu da vide u Istorijskom arhivu \u201eRas\u201c, u okviru izlo\u017ebe pod nazivom \u201eOd kasabe do modernog grada\u201c.<\/span><\/h2>\n<p>[\/vc_column_text][vc_empty_space height=&#8220;50px&#8220;][\/vc_column][vc_column width=&#8220;1\/6&#8243;][\/vc_column][\/vc_row][vc_row css_animation=&#8220;&#8220; row_type=&#8220;row&#8220; use_row_as_full_screen_section=&#8220;no&#8220; type=&#8220;full_width&#8220; angled_section=&#8220;no&#8220; text_align=&#8220;left&#8220; background_image_as_pattern=&#8220;without_pattern&#8220; css=&#8220;.vc_custom_1659614670591{padding-right: 0px !important;padding-left: 0px !important;}&#8220; z_index=&#8220;&#8220;][vc_column][vc_empty_space]<div class=\"qode-advanced-image-gallery  qode-aig-grid-type qode-medium-space   \">\n\t<div class=\"qode-aig-inner qode-outer-space qode-aig-grid qode-aig-three-columns\">\n\t\t\t\t\t<div class=\"qode-aig-image qode-item-space\">\n\t\t\t\t<div class=\"qode-aig-image-inner\">\n\t\t\t\t\t\t\t\t\t\t\t<img loading=\"lazy\" decoding=\"async\" width=\"1365\" height=\"978\" src=\"https:\/\/novipazar.hola.rs\/wp-content\/uploads\/2022\/08\/arhiv-3.jpg\" class=\"attachment-full size-full\" alt=\"\" srcset=\"https:\/\/novipazar.hola.rs\/wp-content\/uploads\/2022\/08\/arhiv-3.jpg 1365w, https:\/\/novipazar.hola.rs\/wp-content\/uploads\/2022\/08\/arhiv-3-300x215.jpg 300w, https:\/\/novipazar.hola.rs\/wp-content\/uploads\/2022\/08\/arhiv-3-1024x734.jpg 1024w, https:\/\/novipazar.hola.rs\/wp-content\/uploads\/2022\/08\/arhiv-3-768x550.jpg 768w, https:\/\/novipazar.hola.rs\/wp-content\/uploads\/2022\/08\/arhiv-3-700x502.jpg 700w\" sizes=\"(max-width: 1365px) 100vw, 1365px\" \/>\t\t\t\t\t\t<span class=\"aig-gallery-hover\">\n\t\t\t\t\t\t\t\t\t\t\t\t\t<\/span>\n\t\t\t\t\t\t\t\t\t<\/div>\n\t\t\t<\/div>\n\t\t\t\t\t<div class=\"qode-aig-image qode-item-space\">\n\t\t\t\t<div class=\"qode-aig-image-inner\">\n\t\t\t\t\t\t\t\t\t\t\t<img loading=\"lazy\" decoding=\"async\" width=\"1562\" height=\"1158\" src=\"https:\/\/novipazar.hola.rs\/wp-content\/uploads\/2022\/08\/arhiv2.jpg\" class=\"attachment-full size-full\" alt=\"\" srcset=\"https:\/\/novipazar.hola.rs\/wp-content\/uploads\/2022\/08\/arhiv2.jpg 1562w, https:\/\/novipazar.hola.rs\/wp-content\/uploads\/2022\/08\/arhiv2-300x222.jpg 300w, https:\/\/novipazar.hola.rs\/wp-content\/uploads\/2022\/08\/arhiv2-1024x759.jpg 1024w, https:\/\/novipazar.hola.rs\/wp-content\/uploads\/2022\/08\/arhiv2-768x569.jpg 768w, https:\/\/novipazar.hola.rs\/wp-content\/uploads\/2022\/08\/arhiv2-1536x1139.jpg 1536w, https:\/\/novipazar.hola.rs\/wp-content\/uploads\/2022\/08\/arhiv2-700x519.jpg 700w\" sizes=\"(max-width: 1562px) 100vw, 1562px\" \/>\t\t\t\t\t\t<span class=\"aig-gallery-hover\">\n\t\t\t\t\t\t\t\t\t\t\t\t\t<\/span>\n\t\t\t\t\t\t\t\t\t<\/div>\n\t\t\t<\/div>\n\t\t\t\t\t<div class=\"qode-aig-image qode-item-space\">\n\t\t\t\t<div class=\"qode-aig-image-inner\">\n\t\t\t\t\t\t\t\t\t\t\t<img loading=\"lazy\" decoding=\"async\" width=\"1266\" height=\"914\" src=\"https:\/\/novipazar.hola.rs\/wp-content\/uploads\/2022\/08\/arhiv4.jpg\" class=\"attachment-full size-full\" alt=\"\" srcset=\"https:\/\/novipazar.hola.rs\/wp-content\/uploads\/2022\/08\/arhiv4.jpg 1266w, https:\/\/novipazar.hola.rs\/wp-content\/uploads\/2022\/08\/arhiv4-300x217.jpg 300w, https:\/\/novipazar.hola.rs\/wp-content\/uploads\/2022\/08\/arhiv4-1024x739.jpg 1024w, https:\/\/novipazar.hola.rs\/wp-content\/uploads\/2022\/08\/arhiv4-768x554.jpg 768w, https:\/\/novipazar.hola.rs\/wp-content\/uploads\/2022\/08\/arhiv4-700x505.jpg 700w\" sizes=\"(max-width: 1266px) 100vw, 1266px\" \/>\t\t\t\t\t\t<span class=\"aig-gallery-hover\">\n\t\t\t\t\t\t\t\t\t\t\t\t\t<\/span>\n\t\t\t\t\t\t\t\t\t<\/div>\n\t\t\t<\/div>\n\t\t\t\t\t<div class=\"qode-aig-image qode-item-space\">\n\t\t\t\t<div class=\"qode-aig-image-inner\">\n\t\t\t\t\t\t\t\t\t\t\t<img loading=\"lazy\" decoding=\"async\" width=\"1384\" height=\"992\" src=\"https:\/\/novipazar.hola.rs\/wp-content\/uploads\/2022\/08\/arhiv5.jpg\" class=\"attachment-full size-full\" alt=\"\" srcset=\"https:\/\/novipazar.hola.rs\/wp-content\/uploads\/2022\/08\/arhiv5.jpg 1384w, https:\/\/novipazar.hola.rs\/wp-content\/uploads\/2022\/08\/arhiv5-300x215.jpg 300w, https:\/\/novipazar.hola.rs\/wp-content\/uploads\/2022\/08\/arhiv5-1024x734.jpg 1024w, https:\/\/novipazar.hola.rs\/wp-content\/uploads\/2022\/08\/arhiv5-768x550.jpg 768w, https:\/\/novipazar.hola.rs\/wp-content\/uploads\/2022\/08\/arhiv5-700x502.jpg 700w\" sizes=\"(max-width: 1384px) 100vw, 1384px\" \/>\t\t\t\t\t\t<span class=\"aig-gallery-hover\">\n\t\t\t\t\t\t\t\t\t\t\t\t\t<\/span>\n\t\t\t\t\t\t\t\t\t<\/div>\n\t\t\t<\/div>\n\t\t\t\t\t<div class=\"qode-aig-image qode-item-space\">\n\t\t\t\t<div class=\"qode-aig-image-inner\">\n\t\t\t\t\t\t\t\t\t\t\t<img loading=\"lazy\" decoding=\"async\" width=\"2466\" height=\"1772\" src=\"https:\/\/novipazar.hola.rs\/wp-content\/uploads\/2022\/08\/arhiv7.jpg\" class=\"attachment-full size-full\" alt=\"\" srcset=\"https:\/\/novipazar.hola.rs\/wp-content\/uploads\/2022\/08\/arhiv7.jpg 2466w, https:\/\/novipazar.hola.rs\/wp-content\/uploads\/2022\/08\/arhiv7-300x216.jpg 300w, https:\/\/novipazar.hola.rs\/wp-content\/uploads\/2022\/08\/arhiv7-1024x736.jpg 1024w, https:\/\/novipazar.hola.rs\/wp-content\/uploads\/2022\/08\/arhiv7-768x552.jpg 768w, https:\/\/novipazar.hola.rs\/wp-content\/uploads\/2022\/08\/arhiv7-1536x1104.jpg 1536w, https:\/\/novipazar.hola.rs\/wp-content\/uploads\/2022\/08\/arhiv7-2048x1472.jpg 2048w, https:\/\/novipazar.hola.rs\/wp-content\/uploads\/2022\/08\/arhiv7-700x503.jpg 700w\" sizes=\"(max-width: 2466px) 100vw, 2466px\" \/>\t\t\t\t\t\t<span class=\"aig-gallery-hover\">\n\t\t\t\t\t\t\t\t\t\t\t\t\t<\/span>\n\t\t\t\t\t\t\t\t\t<\/div>\n\t\t\t<\/div>\n\t\t\t\t\t<div class=\"qode-aig-image qode-item-space\">\n\t\t\t\t<div class=\"qode-aig-image-inner\">\n\t\t\t\t\t\t\t\t\t\t\t<img loading=\"lazy\" decoding=\"async\" width=\"2419\" height=\"1772\" src=\"https:\/\/novipazar.hola.rs\/wp-content\/uploads\/2022\/08\/ar8.jpg\" class=\"attachment-full size-full\" alt=\"\" srcset=\"https:\/\/novipazar.hola.rs\/wp-content\/uploads\/2022\/08\/ar8.jpg 2419w, https:\/\/novipazar.hola.rs\/wp-content\/uploads\/2022\/08\/ar8-300x220.jpg 300w, https:\/\/novipazar.hola.rs\/wp-content\/uploads\/2022\/08\/ar8-1024x750.jpg 1024w, https:\/\/novipazar.hola.rs\/wp-content\/uploads\/2022\/08\/ar8-768x563.jpg 768w, https:\/\/novipazar.hola.rs\/wp-content\/uploads\/2022\/08\/ar8-1536x1125.jpg 1536w, https:\/\/novipazar.hola.rs\/wp-content\/uploads\/2022\/08\/ar8-2048x1500.jpg 2048w, https:\/\/novipazar.hola.rs\/wp-content\/uploads\/2022\/08\/ar8-700x513.jpg 700w\" sizes=\"(max-width: 2419px) 100vw, 2419px\" \/>\t\t\t\t\t\t<span class=\"aig-gallery-hover\">\n\t\t\t\t\t\t\t\t\t\t\t\t\t<\/span>\n\t\t\t\t\t\t\t\t\t<\/div>\n\t\t\t<\/div>\n\t\t\t<\/div>\n<\/div>[\/vc_column][\/vc_row]<\/p>\n","protected":false},"excerpt":{"rendered":"<p>[vc_row css_animation=&#8220;&#8220; row_type=&#8220;row&#8220; use_row_as_full_screen_section=&#8220;no&#8220; type=&#8220;full_width&#8220; angled_section=&#8220;no&#8220; text_align=&#8220;left&#8220; background_image_as_pattern=&#8220;without_pattern&#8220; css=&#8220;.vc_custom_1621264559093{margin-top: 80px !important;margin-bottom: 80px !important;}&#8220; z_index=&#8220;&#8220;][vc_column width=&#8220;1\/6&#8243;][\/vc_column][vc_column css_animation=&#8220;none&#8220; width=&#8220;2\/3&#8243;][vc_column_text] Istorijski arhiv Ras u Novom Pazaru je institucija kulture koja se bavi poslovima za\u0161tite arhivske grade i registraturskog materijala na teritoriji op\u0161tina Novi Pazar, Sjenica i Tutin. Ovo&#8230;<\/p>\n","protected":false},"author":1,"featured_media":0,"parent":0,"menu_order":0,"comment_status":"closed","ping_status":"closed","template":"full_width.php","meta":{"footnotes":""},"_links":{"self":[{"href":"https:\/\/novipazar.hola.rs\/index.php?rest_route=\/wp\/v2\/pages\/1649"}],"collection":[{"href":"https:\/\/novipazar.hola.rs\/index.php?rest_route=\/wp\/v2\/pages"}],"about":[{"href":"https:\/\/novipazar.hola.rs\/index.php?rest_route=\/wp\/v2\/types\/page"}],"author":[{"embeddable":true,"href":"https:\/\/novipazar.hola.rs\/index.php?rest_route=\/wp\/v2\/users\/1"}],"replies":[{"embeddable":true,"href":"https:\/\/novipazar.hola.rs\/index.php?rest_route=%2Fwp%2Fv2%2Fcomments&post=1649"}],"version-history":[{"count":16,"href":"https:\/\/novipazar.hola.rs\/index.php?rest_route=\/wp\/v2\/pages\/1649\/revisions"}],"predecessor-version":[{"id":2259,"href":"https:\/\/novipazar.hola.rs\/index.php?rest_route=\/wp\/v2\/pages\/1649\/revisions\/2259"}],"wp:attachment":[{"href":"https:\/\/novipazar.hola.rs\/index.php?rest_route=%2Fwp%2Fv2%2Fmedia&parent=1649"}],"curies":[{"name":"wp","href":"https:\/\/api.w.org\/{rel}","templated":true}]}}